?
2, 3
Let v(a) = a**2 - 10*a - 15. Let p be v(11). Let k(w) = -8*w - 9. List the prime factors of k(p).
23
Suppose 3*s - 2*h = 8*s - 1840, h - 371 = -s. List the prime factors of s.
2, 3, 61
Suppose -3*o - 2*m + 21 - 2 = 0, -o + 3*m - 12 = 0. Suppose -p = -j + p + 7, 0 = o*j + 5*p + 1. What are the prime factors of j?
3
List the prime factors of ((-48)/(-15) + 2)*10.
2, 13
Suppose -4*n = 3*s - 11, 0*s = 3*s - 2*n + 1. Suppose b + s = 6. List the prime factors of b.
5
Let w(d) = -5*d**2 + 5 - 1 + 4*d**2 - d**3 - 7*d**2 - 6*d. Let k be w(-7). What are the prime factors of (-58)/(-6) - 1/k?
2, 5
Suppose -3*q = q - 24. Suppose 23 = m - 5*y + 5, -3*y = -q. List the prime factors of m.
2, 7
Let s = 22 + 8. Suppose -1 + 19 = t. Let g = s - t. What are the prime factors of g?
2, 3
Let g be (-150)/(-35) + (-2)/7. Suppose -3 - 1 = g*k. Let f = 5 - k. List the prime factors of f.
2, 3
Suppose -12 = -3*m - 0*m. Let r = 17 - m. What are the prime factors of r?
13
Let d(o) = -7*o**3 + o**2 + 4*o + 2. What are the prime factors of d(-3)?
2, 47
Let t(s) = s**3 + 6*s**2 + 2*s + 6. Let i be t(-6). Let f = i + 9. List the prime factors of f.
3
Suppose 0 = r + c - 4*c - 7, -4*c - 2 = -5*r. List the prime factors of 2 - r*(-6)/(-4).
5
Let l = -6 - -9. Suppose -l*q + 10 = -8. Suppose -y + 2 = -q. List the prime factors of y.
2
Suppose 358 = 5*q + 68. Let o = -41 + q. List the prime factors of o.
17
Let x = -4 + 3. Let d = x + 3. Suppose 5 = d*b - 7. List the prime factors of b.
2, 3
Let u = 16 - 6. Suppose 0 = -0*h - 2*h - u, 0 = -v - 5*h - 26. Let y = 5 - v. List the prime factors of y.
2, 3
Suppose 2*k - k + 2 = 0. Suppose 3*s - 18 - 6 = 0. Let r = k + s. List the prime factors of r.
2, 3
Suppose 5 = 5*k, 4*k = 3*z - 2*z - 77. List the prime factors of z.
3
List the prime factors of -2*(-1)/7 - 766/(-14).
5, 11
Let t(a) be the third derivative of a**5/60 - a**4/6 + a**3/2 - 2*a**2. Let p be t(4). Suppose -3*h = -5*k + 61, p*h - 4 = 5*h. What are the prime factors of k?
11
Let d(s) be the first derivative of 1/3*s**3 - 5/2*s**2 + 0*s + 3. What are the prime factors of d(6)?
2, 3
Let o = 19 - 11. What are the prime factors of o?
2
Suppose p - 74 = -2*b, p - b = 2*b + 84. List the prime factors of p.
2, 3, 13
Suppose -6 = 6*s - 102. List the prime factors of s.
2
Suppose 1398 = 5*n - a, 6*a = 4*n + 2*a - 1112. List the prime factors of -1 + 5 + n/7.
2, 11
Let z = 128 - -55. What are the prime factors of z?
3, 61
Let f(i) = i**2 + 2*i - 5. Let c be f(-6). Let l = -9 + c. List the prime factors of l.
2, 5
Let s be 2/6 + 1400/(-6). Let o = 119 + s. List the prime factors of o/(-15) - 2/(-5).
2
Let w = -4 - -10. Let b = -4 + w. List the prime factors of b.
2
Suppose -3 = 3*u - 12. Suppose -u*z + 52 = 2*f, 3*z - f = 4*f + 38. What are the prime factors of z?
2
Let w be (-5)/((-15)/(-2))*-3. Let y be w*(3 + (-10)/4). What are the prime factors of y/(-2*1/(-6))?
3
Suppose -4*t + 3*u + 36 = 0, 16 = 6*u - 2*u. Suppose -2*a = -0 - t. What are the prime factors of a?
2, 3
Suppose -4*q = -128 - 4. List the prime factors of q.
3, 11
Let q(v) be the first derivative of v**3/3 - v**2 + 3*v + 6. Let x(z) = -z + 8. Let f be x(4). List the prime factors of q(f).
11
Suppose -76 = 4*n - 276. What are the prime factors of n?
2, 5
Suppose -113 = -2*t + 185. What are the prime factors of t?
149
Suppose -z = 2*v - 9, 0 = -5*z - 5*v - 16 + 56. Let x = z + -4. Suppose d = x*k + 11, -2*k + k = d - 3. What are the prime factors of d?
5
Suppose -146 = -4*n - p, 143 - 34 = 3*n + p. Suppose -n = -2*l + 5*m, -3*l + 5*m = -0*l - 43. List the prime factors of l.
2, 3
Let w = -2 + 5. Suppose -2*p + 20 = -2*v, -4*v + 0*p + 3*p = 35. What are the prime factors of v*(3 + -7 + w)?
5
Let f(x) = -x**3 - 13*x**2 - 14*x - 6. List the prime factors of f(-12).
2, 3
Suppose 0 = q - z + 2, -z + 5*z - 23 = -q. Suppose 11 = d + q. List the prime factors of d.
2
Let r(b) = b + 17. What are the prime factors of r(9)?
2, 13
Let k(q) = -q - 9. Suppose 11 = 3*v - 4. Suppose f = -3*h - v, 0 = -f + 5*f + h + 42. List the prime factors of k(f).
2
Suppose -5*m + 2*y = -20, -y = 2*m - 5*y - 8. List the prime factors of m.
2
Let j = 9 + -4. Let s be ((-306)/12)/((-2)/8). Suppose 4*a - 83 + 8 = 5*i, j*a = -2*i + s. What are the prime factors of a?
2, 5
Let q = 81 - 77. What are the prime factors of q?
2
Let m(q) = 2*q**2 + 5*q + 2. Let h be m(-3). Suppose 8 = -l + 2*l. Suppose h = -v + l. List the prime factors of v.
3
Let c(p) be the third derivative of p**4/24 - p**3/2 + p**2. Let m be c(10). List the prime factors of (m/2)/((-1)/(-2)).
7
Let t = -5 + 16. Let r = 14 - t. List the prime factors of r.
3
Suppose 5*o = -3*k - 10, -2*o + 4*k = -9 + 39. What are the prime factors of 8/(5 + o + 2)?
2
Suppose -4*p - 2*r + 318 = 0, -r - 345 = -4*p - 12. List the prime factors of p.
2, 41
Let s(z) = -z - 3. Let f be s(-7). Suppose -j - 2*g + 0 = -1, g - 5 = -2*j. Suppose -2*t = f*y + t - j, 0 = 2*y + 3*t + 3. What are the prime factors of y?
3
Suppose -2*l = 10 - 12. Suppose 5*n = l + 4, 4*o - 4*n = 28. What are the prime factors of o?
2
Let f(a) = a**2 + 12*a + 34. List the prime factors of f(-15).
79
Suppose -5 = -2*c + 5. Suppose c*o = -6 - 4. Let i = 4 + o. List the prime factors of i.
2
Let c(d) = -d**2 + 29*d + 34. List the prime factors of c(18).
2, 29
Let s(r) = -1 - 4*r + r**2 + r + 0*r. Let b(q) = q**3 - 16*q**2 - 18*q + 21. Let m be b(17). List the prime factors of s(m).
3
List the prime factors of (952/(-51))/(4/(-18)).
2, 3, 7
Let u = 44 + 140. List the prime factors of u.
2, 23
Suppose 849 = -5*u - 0*u + 2*z, -3*u = -3*z + 513. Let v = 100 + u. What are the prime factors of 4/10 + v/(-15)?
5
Suppose t - 2 = -0. Suppose t*u - 18 = -0. List the prime factors of u.
3
Suppose 3*v + 3 = 0, -3*z + 9 + 5 = -2*v. Suppose -4*x = 2*f - 4, 3*f = -z*x + 6*f + 14. What are the prime factors of x?
2
Suppose 0 = 7*o - 89 - 65. What are the prime factors of o?
2, 11
Let l(x) = 6 - 8*x**2 + x + x**2 + 5*x + x**3. Let v be l(6). Let t = 10 - v. List the prime factors of t.
2
Let c = -21 + 26. Let w(x) be the third derivative of -x**5/60 + 7*x**4/24 - 5*x**3/6 - x**2. List the prime factors of w(c).
5
Let r = -6 - -8. Suppose 0*j - 8 = -2*u - 4*j, -3*u - r*j + 12 = 0. List the prime factors of u.
2
Let f(r) = r**2 + 47. What are the prime factors of f(0)?
47
Suppose -6*h + 15*h - 1233 = 0. List the prime factors of h.
137
Suppose 3*d = -0*d. Suppose 5*w + 0*w - 25 = d. Let s = 1 + w. What are the prime factors of s?
2, 3
Suppose -4*u - 5 = -1, 4*x + u + 21 = 0. Let v be x/2*(-2 - 0). Suppose 4*n - 2*l - 19 = 3*l, 25 = v*l. List the prime factors of n.
11
Let t = -26 - -15. Let m = t - -32. List the prime factors of m.
3, 7
What are the prime factors of (-3412)/(-14) - -2*(-2)/(-14)?
2, 61
Suppose 5*p + 41 = -c, -2*p + 7*c = 2*c + 11. Let h = 8 - -11. Let r = p + h. What are the prime factors of r?
11
Let c be (-69)/(-18) - (-1)/6. Suppose 0 = -c*n - 9 + 33. What are the prime factors of n?
2, 3
Let x(h) be the third derivative of h**5/30 - h**4/8 + h**3/3 + 7*h**2. List the prime factors of x(-4).
2, 23
Suppose 4*k = 3*k - 1. Let j = 2 - k. Let l = j + 4. List the prime factors of l.
7
Let f = -3 - -3. Let l = 3 + f. Let v = l + 3. What are the prime factors of v?
2, 3
Let h(f) = -f**2 - 12*f - 8. List the prime factors of h(-9).
19
Let o be (-26)/(-10) + 2/5. Let b be -7*2*o/(-6). Suppose -b - 1 = -h. List the prime factors of h.
2
Let q be -1 + 1/(-3)*0. Let p(m) = 1. Let a(w) = 14*w - 2. Let n(o) = q*a(o) - 3*p(o). List the prime factors of n(-1).
13
Suppose -472 = -4*r + 236. List the prime factors of r.
3, 59
List the prime factors of (2 - 1087/(-7)) + 10/(-35).
157
Let w(f) = -f**2 + 6*f + 1. Let o be w(6). Let t(p) = -31*p - 13. Let g(l) = 8*l + 3. Let r(s) = 9*g(s) + 2*t(s). List the prime factors of r(o).
11
Let d(q) = 5*q**2 - q**3 + 2*q**3 + 0*q**3 + 2*q**2 + 7*q + 6. Let u be d(-6). Suppose 3*b + 6 = u, -3*b - 10 = -l + 1. List the prime factors of l.
5
Suppose 0 = -4*b - 3*v + 180, -2*b - b + 2*v = -135. What are the prime factors of b?
3, 5
Let r = -3 + 8. Let q = 8 - r. List the prime factors of 3/(6/20) - q.
7
Let q = 1 - 1. Suppose 5*l - 9 - 81 = q. List the prime factors of l.
2, 3
Let r(q) = 12 + 2*q**2 - 4 - q - 